nder when 170 is divided by p.
50
Suppose 2*a = 11*r - 12*r + 77, -a + 294 = 4*r. Let b = 27 + -14. What is the remainder when r is divided by b?
8
Let t(k) = -4*k**3 - 78*k**2 + 39*k + 136. What is the remainder when 704 is divided by t(-20)?
80
Let o(u) = 2*u**2 + 24*u. Suppose -f + 139 = 5*k, 2*f - 5*k = -2*f + 631. What is the remainder when f is divided by o(-13)?
24
Let n(i) = 23*i**2 - 358*i + 1438. Calculate the remainder when n(4) is divided by 362.
12
Let n(s) = -2*s**2 + 14*s - 5. Let q be n(5). Calculate the remainder when 64 is divided by (-50)/q*((-360)/(-25))/(-4).
4
What is the remainder when (-18)/(90/65) - -425 is divided by 207?
205
Suppose -47 - 385 = 6*x. What is the remainder when 15 is divided by (-3)/(-4) - 378/x?
3
Suppose -2*f - 4 = r, -3*f - 3*r = r + 16. Suppose -2*l + 216 - 2100 = f. What is the remainder when (-1)/(9/l) - (-6)/(-9) is divided by 21?
20
Let m be (-1 - 8/(-4))*-20. Let z be (m/(-6) - 3)/((-1)/(-1146)). Suppose 5*v + 4*l - 642 = l, -5*l + z = 3*v. What is the remainder when v is divided by 22?
19
Let o = 9781 + -9723. Calculate the remainder when 336 is divided by o.
46
Let b be -9 - (28/(-8))/7*8. What is the remainder when (-63)/b - ((-54)/(-10))/9 is divided by 5?
2
Let w(o) = -9 + 4*o + 0*o**3 - 112*o**2 - 3*o**3 + 4*o**3 + 120*o**2. What is the remainder when w(-5) is divided by 19?
8
Let a be 10 - (-1162)/(-4) - 3/(-2). Let s = 299 + a. Calculate the remainder when 57 is divided by s.
17
Let a(w) = w**3 - 12*w**2 - 402*w + 38. Calculate the remainder when a(29) is divided by 141.
139
Let d(v) = 4*v**2 + 26*v - 23. Let l be d(-13). Calculate the remainder when 418 is divided by ((-40)/6)/(-3*10/l).
68
Let y(w) = -23*w - 3. Suppose -9*b = 723 - 2604. Suppose -37*j = -b - 679. Calculate the remainder when y(-3) is divided by j.
18
Suppose 0 = j - 3*l + 13, 4*j - 5*l + 54 = 16. Calculate the remainder when 18 is divided by -7 + ((-14)/(-2) - j).
4
Let k(g) = -g**3 - 7*g**2 + 11*g - 1. Let r be k(-8). Let m = 29 + r. Let o = 12 + -2. What is the remainder when o is divided by m?
2
Let i be (1 - -1)/(-1) - (-90)/45. Let g be (-12 - i)*28175/(-21). What is the remainder when (-2)/(-3*2) + g/138 is divided by 8?
5
Suppose 3*d + 415 = 583. Calculate the remainder when 405 is divided by d.
13
Suppose 2*r = 3*h - 754, -228 = -4*h + 3*h - 4*r. Suppose 30*w - 601 = 929. What is the remainder when h is divided by w?
44
Let q(m) = 20*m**2 + 30*m + 15. Let n(d) = -17*d**2 - 9*d + 3. Let h be n(-1). Calculate the remainder when q(h) is divided by 23.
20
Suppose -13*i - 1 + 559 = 51. Calculate the remainder when 87 is divided by i.
9
Let k be (23 + 2 - -11)*(0 - -12). Suppose -k = 137*n - 155*n. What is the remainder when 790 is divided by n?
22
Let m(k) = 7*k + 141. Suppose 2*a = 17*a + 255. Suppose -3*l + 168 + 63 = 0. What is the remainder when l is divided by m(a)?
11
Let m = 16228 - 15267. Calculate the remainder when m is divided by 65.
51
Suppose -14*h + 20 = -9*h. Let i(s) = 2*s**2 + 24*s - 20. What is the remainder when (h/(-8) + (-10)/(-4))*17 is divided by i(-13)?
4
Let o(c) = -c**3 + 15*c**2 + 4*c + 36. Let s = 905 - 880. What is the remainder when o(15) is divided by s?
21
Let f(o) = 74*o + 9109. Calculate the remainder when 7 + (4 - 2 - 2) is divided by f(-123).
0
Suppose -147*f + 17530 = -7460. Calculate the remainder when f is divided by 22.
16
Suppose 2*s = -16*s + 1890. Let a(z) = -269*z - 3. Let d be a(3). What is the remainder when s is divided by (4/6)/((-20)/d)?
24
Suppose 21 = -3*d, -907*l + 911*l + 5*d - 43481 = 0. What is the remainder when l is divided by 117?
115
Let y(o) = -135*o + 559. What is the remainder when 422 is divided by y(3)?
114
Let j(r) = -7*r**2 + 3*r + 11. Let m(l) = 6*l**2 - 3*l - 10. Let s(b) = -4*j(b) - 5*m(b). What is the remainder when 30 is divided by s(2)?
2
Suppose -2*i + 454 = 4*j, i + 51 - 277 = -j. Let t = 328 - i. Calculate the remainder when t is divided by 26.
25
Suppose -138*a + 43292 - 6830 = -108300. Calculate the remainder when a is divided by 152.
137
Let o(n) = 2*n**3 + 18*n**2 + 23*n + 116. Calculate the remainder when 658 is divided by o(-8).
58
Suppose -4*c - c + 550 = 0. Let f(j) = 11*j + 155. Let x(l) = 5*l + 77. Let y(h) = -6*f(h) + 14*x(h). What is the remainder when c is divided by y(-30)?
26
Let y(l) = -l**3 - 57*l**2 + 50*l - 454. Let z = -24 + 62. What is the remainder when z is divided by y(-58)?
8
Let f be (-2)/7 - (-186058)/287. Suppose -u + 4*y - f = -4*u, -3 = y. What is the remainder when u is divided by 28?
24
Let a be 4 + (-65)/20 + 70/(-8). What is the remainder when (-700)/5*a/20 is divided by 12?
8
Let w(u) = -121*u**2 - 2*u - 3. Let p(f) = -360*f**2 - 6*f - 9. Let l(o) = -3*p(o) + 8*w(o). What is the remainder when l(-1) is divided by 13?
9
Let x = 572 - 576. Calculate the remainder when (-7)/(-14)*x - -163 is divided by 54.
53
Suppose 4*h + 5*g - 40 = 0, -5*h + h + 8 = -3*g. Suppose -h*r + 176 = -i - 54, -i = -4*r + 185. Calculate the remainder when r is divided by 16.
13
Let o = 281 + 281. Calculate the remainder when o is divided by 90.
22
Let i(w) = 4*w**2 - 72*w + 1937. Calculate the remainder when i(35) is divided by 131.
125
Suppose -25*g - 74 = 1. Let t = g - -62. Suppose -5*v + 2*r = -6 - 19, 0 = 3*v + 4*r - 41. Calculate the remainder when t is divided by v.
3
Let y = -1142 - -5367. Calculate the remainder when y is divided by 94.
89
Suppose 3*l = -3*l + 714. Let k = -846 - -876. Calculate the remainder when l is divided by k.
29
Let u(w) = w + 6. Let x be u(13). Let s = x - 5. Suppose 180 + 108 = 36*h. What is the remainder when s is divided by h?
6
Suppose 498*j = 10086 + 156744. What is the remainder when 1964 is divided by j?
289
Suppose -59 = -5*f + 21*v - 17*v, v = -3*f + 15. Let o(c) = -2*c - 3. Let s(l) = 2*l + 8. Let w be s(-8). Calculate the remainder when o(w) is divided by f.
6
Let n = 194 + -190. Suppose 0 = -n*s + 80 + 364. What is the remainder when s is divided by 3?
0
Suppose 46*h - 14*h = 384. Let f(c) = c**2 - 9*c + 18. What is the remainder when f(13) is divided by h?
10
Suppose -23*d + 212 = -11*d - 184. What is the remainder when 207 is divided by d?
9
Suppose 12 = -8*b + 4. What is the remainder when 100 is divided by (b - -40)/((-21)/(-14))?
22
Suppose -124 = 17*g - 685. What is the remainder when -13*((-1 - -1) + -7) is divided by g?
25
Calculate the remainder when 6633 is divided by (1 + -2 + 2)/(182/5096).
25
Let r be (1/(-4))/(2/4)*-10. Suppose -r*y = -6*y + 18. Calculate the remainder when ((-4)/6)/((-2)/93) is divided by y.
13
Let r = -11 - -15. Suppose 0*f + 76 = r*f. What is the remainder when (0 - -2)*((-200)/12)/((-8)/18) is divided by f?
18
Let f(z) = z**3 - 2*z**2 - 2*z + 12. Let h be f(4). Suppose 6*s = 18*s - h. What is the remainder when 12 is divided by s?
0
Let j = -13690 - -14160. Calculate the remainder when j is divided by 96.
86
Suppose 2*n = -4 - 10. Let l(a) be the second derivative of a**4/6 - a**3/6 + 11*a**2 + 3*a + 3. What is the remainder when l(n) is divided by 33?
28
Suppose -2 = -2*n, -226 = -2*c - 3*n + 45. Suppose 21*b - 10*b = 25*b - 238. Calculate the remainder when c is divided by b.
15
Let r be (16 + -4)/(2/5). Let x = 34 - r. Suppose x*u - 264 = -4*u. What is the remainder when u is divided by 18?
15
Let a(f) = f**3 + 13*f**2 - 6*f + 11. Let b be a(-13). Let n = b + -78. Calculate the remainder when 58 is divided by n.
3
Let q(i) = -232*i - 460. Calculate the remainder when q(-5) is divided by 178.
166
Let c = -799 - -1375. Let r = -559 + c. What is the remainder when r is divided by (4/(-10))/((-2)/70)?
3
Let v = 47 + -9. Suppose -75*n - 1500779 + 1507154 = 0. Calculate the remainder when n is divided by v.
9
Suppose 199 = 14*g - 837. Let m = g + -19. What is the remainder when m is divided by 4/18 - (-248)/18?
13
Suppose 2*a = 2*x + 196, 26*x + 2 = 25*x. Calculate the remainder when 862 is divided by a.
94
Let d = -685 - -679. Let b(h) = 7*h + 52. Calculate the remainder when 207 is divided by b(d).
7
Suppose -5*x + 7830 = 13*x. What is the remainder when 49 is divided by (2 - 1)/(29/x)?
4
Suppose 4*b - 171 = 109. Let t be -4 + (0 + 3 - 3). What is the remainder when b is divided by (-7 + -1)*13/t?
18
Let c = -10207 - -10281. Calculate the remainder 